 5*h + b = -b + 42. What is the units digit of h?
8
Let l = -13 + 18. Let h = -12 + l. Let a(g) = g**2 + 5*g - 1. What is the tens digit of a(h)?
1
Let n(j) = -j**3 - 4*j**2 - 4*j. Let r be n(-3). Suppose i + 4*m = 32, -r*m = 5*i - 100 - 77. What is the tens digit of i?
3
Let p(c) = c + 11. Let d be p(-6). Suppose 0 = t + 5*z + 16, d*t + 5*z - 11 = t. What is the units digit of t?
9
Let q(f) = -f**2 + 5*f - 1. Let m be q(4). Suppose -l + m*x + 14 = 0, 0 = 5*l - 2*l - 5*x - 26. What is the tens digit of (-2)/(-4) - (-27)/l?
1
Let n(s) = -s**2 - 3*s + 3. Suppose -6*w = -2*w + 16. Let p be (1/(-3))/(w/(-36)). What is the units digit of n(p)?
3
What is the tens digit of 23/1 + -1 + -2?
2
Let k(b) = -2*b**2 - 8*b + 3. Let f be k(-6). Let r = f + 38. What is the tens digit of r?
1
Let u(x) = -x**2 - 16*x - 16. What is the tens digit of u(-12)?
3
Suppose -5*i = -10*i - 275. Let j = i - -86. What is the units digit of j?
1
Let q(f) = 4*f**3 + f + 0*f + f + 0*f**3 - 1. Suppose -4 = -2*n - 2*n. What is the units digit of q(n)?
5
Suppose 7*w - 4*w - 18 = -3*g, -g - 2*w = -10. Suppose -2*m + 34 = g*u - 4, -3*u + m = -53. What is the units digit of u?
8
Let v(a) = a**3 - 7*a**2 - 6*a + 7. What is the units digit of v(8)?
3
Let g(f) = -f**3 - 7*f**2 - 9*f - 6. What is the tens digit of g(-8)?
3
Let l = -18 + 40. What is the units digit of l?
2
Let c(h) = -h**3 + 6*h**2 - 6*h + 5. Let p be c(5). Suppose -3*n + 2*n + 12 = p. What is the tens digit of n?
1
Let t(y) = -9*y + 9. Let h be t(6). What is the units digit of 2 + h/(-1) + -2?
5
Suppose -16 = -3*m - 7. Let f = 2 + -2. Suppose 0 = -m*q - 9, -3*k + 4*k - q - 9 = f. What is the units digit of k?
6
Suppose 2*i = 12 + 202. What is the units digit of i?
7
Suppose 0 = -5*w - 5 + 110. What is the units digit of w?
1
Let a(q) = 3*q**2 + q. What is the hundreds digit of a(-6)?
1
Let s = 22 + 24. Suppose 5*u = -2*m - 2*m + 78, -s = -2*m + u. What is the units digit of m?
2
Let n(b) = 2*b**2 + 2*b - 3. Let w be -2 - (-1)/(4/(-4)). What is the units digit of n(w)?
9
Suppose -y + 1 = -4*u + 3*u, 0 = 5*y + 3*u + 3. Suppose 6*c - 5*c - 11 = y. What is the tens digit of c?
1
Let f(u) = -u**2 - 10*u + 2. What is the tens digit of f(-5)?
2
Let f(y) = -y**2 + y. Let b be f(0). Suppose b = o + o - 24. What is the tens digit of o?
1
Let o(j) = 3*j - 11. Let c(l) = 4*l - 12. Let z(r) = -2*c(r) + 3*o(r). What is the units digit of z(16)?
7
Let i = 0 + 3. Suppose -i*l - 2 = -4*l. Suppose -2*x + 0*t - 14 = 4*t, l*t = x - 9. What is the units digit of x?
1
Let x = -95 - -143. What is the units digit of x?
8
Let p(w) = 29*w - 3. What is the tens digit of p(1)?
2
Let r(q) = 2*q**2 + 11*q + 61. What is the tens digit of r(-10)?
5
Suppose -86 = 3*u + 58. Suppose -w = 4*d + 64, w + 0*d - 3*d + 71 = 0. Let t = u - w. What is the tens digit of t?
2
Suppose -o - 3*l = -0*l + 6, -o = -l + 14. Let h = o + 19. What is the units digit of h?
7
Let h(j) = j**2 + 6*j - 6. Let l be h(-8). Let p = -5 + l. Suppose -v - 5 = c - 13, p*v + 3*c = 40. What is the units digit of v?
8
Let u(a) = a**2 + 7*a + 4. Let k be u(-6). Let q = k + 11. Suppose -3*v - 3 - q = 0, -3*t = 5*v + 5. What is the units digit of t?
5
Let v(k) = -3*k + k + 13 + k. What is the units digit of v(6)?
7
Let c(y) = -y**2 + 5*y + 6. Let f be c(7). Let i = f - -33. Suppose t - i = -4*t. What is the units digit of t?
5
Let f(p) = 12*p - 16. What is the units digit of f(8)?
0
Suppose 0 = -x + v - 7 - 20, 5*x - v = -115. Let m = x - -37. Let u = -1 + m. What is the tens digit of u?
1
Suppose a = -2 + 4. Suppose 62 = 5*q + u, -4*q = a*u + 3*u - 37. What is the tens digit of q?
1
Let t(y) = -5*y**2 + 7*y - 4. Let h(q) = -2*q**2 + 3*q - 2. Let c(l) = 7*h(l) - 3*t(l). What is the units digit of c(2)?
2
Suppose -7*o + 3*o + 124 = 0. What is the units digit of o?
1
Let w(y) be the third derivative of -1/120*y**6 - 5/12*y**4 - 1/6*y**5 - 1/3*y**3 + 0*y + 0 + y**2. What is the units digit of w(-9)?
7
Suppose -v = 3*v + 2*b, -5*v + 4*b + 13 = 0. Let d be v/3 - 26/6. What is the units digit of d/6*(-3)/2?
1
Let l be 46/(-6)*12/(-4). Let v = -2 + l. What is the units digit of v?
1
Let n(p) = p**3 - 6*p**2 + p + 9. What is the units digit of n(8)?
5
Let c = 12 + 15. What is the tens digit of c?
2
Let t(v) = v**3 + 30*v**2 - 36*v - 3. What is the units digit of t(-31)?
2
Let p(w) = -2*w + 7. Let k(j) = 3*j - 7. Let l(d) = -5*k(d) - 6*p(d). What is the units digit of l(-7)?
4
Suppose 5*n - 234 = 2*o, -3*n + o + 3*o = -132. Suppose -5*b + b = -n. Suppose b = 7*w - 3*w. What is the units digit of w?
3
Suppose 5*c = 8*v - 3*v + 10, -v - 8 = 2*c. Let l = 29 + c. What is the units digit of l?
7
Suppose 4*h + j - 17 = 12, -5*j = 3*h - 26. Let z = 11 - h. What is the units digit of z?
4
Let p(n) = -2*n + n**2 + 1 - 4*n**2 + 0*n**3 + n**3. Let c be p(-2). Let r = -10 - c. What is the units digit of r?
5
Suppose 1 = -v + 3. Suppose 5*j - 85 = -5*o, 4*o - 56 = -3*j + v*j. What is the tens digit of o?
1
Let j be 3/4 + 8/32. What is the units digit of (1 - j) + (2 - -3)?
5
Suppose 0 = -2*s + 4*g + 54, -4*s + 83 = g - 4*g. Suppose 0 = -4*u - 1 + s. Suppose 6 = u*p - 14. What is the units digit of p?
5
Let m(x) = 3*x - 3. Let o = -15 + 21. What is the tens digit of m(o)?
1
Let k(c) = -c - 5. Let y be k(-7). Suppose 9*b - 5*b = 12. Suppose v - 3*r - 14 = 0, -b*v - r = y*v - 86. What is the tens digit of v?
1
Let v(c) = -28*c**2 - 5*c - 5. Let n(q) = 14*q**2 + 3*q + 3. Let a(z) = -7*n(z) - 4*v(z). What is the units digit of a(-1)?
4
Let n(s) be the third derivative of -s**4/24 - s**3/2 - s**2. Let m(d) = -2*d**3 + 2*d**2 + 3. Let x be m(2). What is the units digit of n(x)?
2
Let g(j) = -21*j**2 - 2*j + 1. Let i be g(1). Let c = i + 32. What is the units digit of (-3)/2*c/(-3)?
5
Let o = -196 + 276. Suppose 12 = 5*s + j - o, -10 = -5*j. What is the tens digit of s?
1
Suppose 10 + 6 = 4*a. Let g be ((-6)/(-9))/(a/30). Suppose -3 = -4*u + g. What is the units digit of u?
2
Suppose 3*w = w + 10. Suppose -4*i = s - 10, -w*i + 20 = -0*s + 5*s. What is the units digit of s?
2
What is the units digit of 59 - 2*(-3)/6?
0
Suppose 0 = 5*d - a - 108, 70 = -4*d - 4*a + 166. What is the units digit of d?
2
Let f be (1 - 1)/(-3) + -1. Let d be (0/(-1))/(f + 3). Suppose 2*l = -d*l + 18. What is the units digit of l?
9
What is the units digit of ((-26)/10)/(2/(-10))?
3
Suppose 8 = 3*x - 5*j, 0 = -3*x - j + 20 + 18. What is the units digit of x?
1
Suppose 6*k - 203 - 157 = 0. What is the units digit of k?
0
Suppose -1 = 2*p - 9. Suppose -y = -2*r + 67, 0*r - r + p*y = -16. What is the units digit of r?
6
Suppose 0 = z - 3 - 7. Suppose -z = 5*t - 35. Suppose -2*h + 3*w = -3*h + 11, -t*w = 2*h - 20. What is the units digit of h?
5
Let d be 3*(-2 + (-9)/(-3)). Suppose d*s = -m - 4 + 29, 75 = 3*m - 3*s. What is the units digit of m?
5
Let t = 7 - 6. Let l(z) = -3*z. Let o be l(t). What is the units digit of (-1)/((-74)/24 - o)?
2
Suppose -7*m = -16*m + 657. What is the tens digit of m?
7
Let s = 114 + -47. What is the units digit of s?
7
Suppose 2*z + 6 = 4*z. Let f = 6 - z. Suppose 0*a + 5*b = -a + 27, -a = f*b - 19. What is the units digit of a?
7
Let i be (2*1)/(6/(-15)). Let l(t) = 2*t + 8. Let v(n) = 3*n + 17. Let s(z) = i*l(z) + 3*v(z). What is the tens digit of s(0)?
1
Let j(z) = -24*z + 2. What is the tens digit of j(-2)?
5
Suppose 16 = 4*t, 3*i + i - 124 = t. What is the tens digit of i?
3
Suppose -6 = -3*a - 3*r, -a - 2*r + 3*r + 6 = 0. Suppose -20 = 5*j, 0 = 6*i - a*i + 2*j - 42. What is the units digit of i?
5
Let k = 210 - 136. Suppose 0 = 4*q - k - 14. What is the units digit of q?
2
Suppose 41 = 2*h - 53. What is the units digit of h?
7
Let h = 20 - 18. What is the units digit of h?
2
Let a be -1*(-1)/(3/9). Suppose -2*j + 2*t = -38, 0*t = -3*j - a*t + 69. What is the units digit of j?
1
Let m = -4 + 0. What is the units digit of (6/m - -2)*8?
4
What is the units digit of ((-3 + 5)/2 - 0) + 125?
6
Let h(x) = -7*x - 1. Suppose -4*o - 2 - 2 = 0. What is the units digit of h(o)?
6
Let n = -9 - -23. Let l be (-10)/8*(10 - n). Let d = l + -4. What is the units digit of d?
1
Suppose -12 = -0*s - 3*s. Suppose -s = a - 2*w - 3*w, 0 = -2*a - 4*w + 20. What is the units digit of a?
6
Let h(u) be the first derivative of 2*u**